{"id":5355,"date":"2020-12-14T13:10:14","date_gmt":"2020-12-14T12:10:14","guid":{"rendered":"https:\/\/layout.cz.hasami.com\/?product=chameleon-ds-3d-japanische-modellierschere-2"},"modified":"2021-05-28T18:39:09","modified_gmt":"2021-05-28T16:39:09","slug":"chameleon-ds-3d-japonske-efilacni-nuzky-2","status":"publish","type":"product","link":"https:\/\/layout.cz.hasami.com\/?product=chameleon-ds-3d-japonske-efilacni-nuzky-2","title":{"rendered":"CHAMELEON DS-3D \u2013 Japonsk\u00e9 efila\u010dn\u00ed n\u016f\u017eky"},"content":{"rendered":"<p>Die Chameleon DS-3D ist eine besondere Schere mit 3-dimensionalem Daumenauge: Es l\u00e4sst sich um 360 Grad drehen und kippen. Flache, einrastende Einstellschraube, feste Fingerauflage. Innenliegende Schrauben schaffen vollkommen glatte Oberfl\u00e4chen am Daumenring, neue Lagerungen bewirken absolut leichtg\u00e4ngige Dreh- und Kippbewegungen, die Schenkel sind so flach gehalten, dass sich die Schere m\u00fchelos in der geschlossenen Hand halten l\u00e4sst, um entspannt mit dem Kamm arbeiten zu k\u00f6nnen. Dieser Griff ist mit allen Klingen der Chameleon Serie kombinierbar.<\/p>\n","protected":false},"excerpt":{"rendered":"<p>Flexibilit\u00e4t auf h\u00f6chstem Niveau. 360\u00b0 Dreh- und Kippbewegungen, nat\u00fcrlich mit allen Klingen der Chameleon-Serie kombinierbar.<\/p>\n","protected":false},"featured_media":5356,"template":"","meta":[],"product_cat":[432,436],"product_tag":[435,434,433],"class_list":{"0":"post-5355","1":"product","2":"type-product","3":"status-publish","4":"has-post-thumbnail","6":"product_cat-products-cs-cs","7":"product_cat-unkategorisiert-cs","8":"product_tag-fixed-fingerest-cs","9":"product_tag-flat-snap-in-screw-cs","10":"product_tag-lze-jej-otacet-a-naklanet-o-360-stupnu","11":"pa_00-groesse-437","12":"pa_00-groesse-438","13":"pa_00-groesse-5-cs","14":"pa_00-groesse-440","15":"pa_00-groesse-441","16":"pa_01-zahnung-15-zaber-65-cs","17":"pa_01-zahnung-30-zaber-40-cs","18":"pa_02-griff-ergonomicke","19":"pa_02-griff-otocne-oko","20":"pa_03-schraube-snaps-flat-cs","21":"pa_04-fingerauflage-fixed-cs","22":"pa_05-daumenauge-swivel-joint-cs","23":"pa_06-schliff-02-konkav-konvex-cs","25":"first","26":"instock","27":"taxable","28":"shipping-taxable","29":"purchasable","30":"product-type-variable","31":"has-default-attributes"},"_links":{"self":[{"href":"https:\/\/layout.cz.hasami.com\/index.php?rest_route=\/wp\/v2\/product\/5355","targetHints":{"allow":["GET"]}}],"collection":[{"href":"https:\/\/layout.cz.hasami.com\/index.php?rest_route=\/wp\/v2\/product"}],"about":[{"href":"https:\/\/layout.cz.hasami.com\/index.php?rest_route=\/wp\/v2\/types\/product"}],"wp:featuredmedia":[{"embeddable":true,"href":"https:\/\/layout.cz.hasami.com\/index.php?rest_route=\/wp\/v2\/media\/5356"}],"wp:attachment":[{"href":"https:\/\/layout.cz.hasami.com\/index.php?rest_route=%2Fwp%2Fv2%2Fmedia&parent=5355"}],"wp:term":[{"taxonomy":"product_cat","embeddable":true,"href":"https:\/\/layout.cz.hasami.com\/index.php?rest_route=%2Fwp%2Fv2%2Fproduct_cat&post=5355"},{"taxonomy":"product_tag","embeddable":true,"href":"https:\/\/layout.cz.hasami.com\/index.php?rest_route=%2Fwp%2Fv2%2Fproduct_tag&post=5355"}],"curies":[{"name":"wp","href":"https:\/\/api.w.org\/{rel}","templated":true}]}}