{"id":5549,"date":"2020-10-07T22:10:02","date_gmt":"2020-10-07T20:10:02","guid":{"rendered":"https:\/\/layout.cz.hasami.com\/?product=lh-mod-30-eu-japonske-efilacni-nuzky"},"modified":"2021-05-30T22:08:14","modified_gmt":"2021-05-30T20:08:14","slug":"lh-mod-30-eu-japonske-efilacni-nuzky","status":"publish","type":"product","link":"https:\/\/layout.cz.hasami.com\/?product=lh-mod-30-eu-japonske-efilacni-nuzky","title":{"rendered":"LH MOD 30 EU &#8211; japonsk\u00e9 efila\u010dn\u00ed n\u016f\u017eky"},"content":{"rendered":"","protected":false},"excerpt":{"rendered":"","protected":false},"featured_media":5550,"template":"","meta":[],"product_cat":[431,432,436,417,418],"product_tag":[435],"class_list":{"0":"post-5549","1":"product","2":"type-product","3":"status-publish","4":"has-post-thumbnail","6":"product_cat-scissors-cs-cs","7":"product_cat-products-cs-cs","8":"product_cat-unkategorisiert-cs","9":"product_cat-lefthand-scissors-cs","10":"product_cat-lefthand-thinningscissors-cs","11":"product_tag-fixed-fingerest-cs","12":"pa_01-zahnung-30-zaber-60","13":"pa_02-griff-ergonomicke","14":"pa_03-schraube-vystouply","15":"pa_04-fingerauflage-fixed-cs","16":"pa_05-daumenauge-straight","17":"pa_06-schliff-02-konkav-konvex-cs","18":"pa_07-kugellager-ne","20":"first","21":"instock","22":"taxable","23":"shipping-taxable","24":"product-type-variable"},"_links":{"self":[{"href":"https:\/\/layout.cz.hasami.com\/index.php?rest_route=\/wp\/v2\/product\/5549","targetHints":{"allow":["GET"]}}],"collection":[{"href":"https:\/\/layout.cz.hasami.com\/index.php?rest_route=\/wp\/v2\/product"}],"about":[{"href":"https:\/\/layout.cz.hasami.com\/index.php?rest_route=\/wp\/v2\/types\/product"}],"wp:featuredmedia":[{"embeddable":true,"href":"https:\/\/layout.cz.hasami.com\/index.php?rest_route=\/wp\/v2\/media\/5550"}],"wp:attachment":[{"href":"https:\/\/layout.cz.hasami.com\/index.php?rest_route=%2Fwp%2Fv2%2Fmedia&parent=5549"}],"wp:term":[{"taxonomy":"product_cat","embeddable":true,"href":"https:\/\/layout.cz.hasami.com\/index.php?rest_route=%2Fwp%2Fv2%2Fproduct_cat&post=5549"},{"taxonomy":"product_tag","embeddable":true,"href":"https:\/\/layout.cz.hasami.com\/index.php?rest_route=%2Fwp%2Fv2%2Fproduct_tag&post=5549"}],"curies":[{"name":"wp","href":"https:\/\/api.w.org\/{rel}","templated":true}]}}